. Let v = -917 - -900. What is the units digit of s(v)?
0
Let k = -54 + 57. Suppose -4*j = -2*j + s + 3, 3*j = -k*s - 9. Suppose -2*z - n + 298 = -j*n, 3*z - n - 457 = 0. What is the tens digit of z?
5
Let t = 647 - 191. Let h = t - 338. What is the units digit of h?
8
Let i = -24 - -22. Let n be (-743)/i - 11/(-22). What is the tens digit of (-4)/(-3)*n/8?
6
Let s(r) = 214*r**2 - 61*r + 311. What is the tens digit of s(-17)?
9
Suppose 4*v - 167 = -3. Let o = v + -48. Let a(b) = b**3 + 10*b**2 + 12*b + 7. What is the units digit of a(o)?
0
What is the thousands digit of (4330 + 0)*(9/12)/(12/8)?
2
Suppose 0*v + 3*h - 30 = -3*v, 4*h = 12. Suppose v*a - 126 = a. What is the units digit of a/84 + (942/8 - -1)?
9
Suppose 2*m - z - 1744 = -6*z, -3*z - 1728 = -2*m. Suppose -4*h = -3*h - 5*c - m, -3*c + 3468 = 4*h. What is the tens digit of h?
6
Let n be 4 + -3 - (-30)/(-3). Let w be (596/(-3))/(6/n - 0). Suppose 3*a = -4*u + w, -296 = -4*u - 4*a + 2*a. What is the tens digit of u?
7
Suppose -q + 4*m + 348 = 23, -3*m - 1235 = -4*q. Let f = q - 208. What is the units digit of f?
7
Let g(n) = 30*n**3 - 2*n**2 - 7*n + 4. Let y be g(-2). Let w = 253 - y. What is the tens digit of w?
8
Let p(t) = -1182*t - 319. What is the hundreds digit of p(-5)?
5
Suppose -113*v = -14*v - 476982. What is the hundreds digit of v?
8
Suppose -3*h + 90645 = -g - 2*g, 4*h + g = 120860. Suppose -h = -22*z - 6829. What is the hundreds digit of z?
0
Suppose 18*m + 33*m - 28224 = -12*m. Let n be 2/(-2) - 3/(-3). Suppose n = -12*c + m - 28. What is the tens digit of c?
3
Let d = -23 - -33. Suppose 3*f - 4*l = f + 30, -2*f - 4*l - d = 0. Suppose -4*q + 259 + 350 = 3*r, -795 = -f*q + 3*r. What is the tens digit of q?
5
Let x = 76 + -71. Let t be x/10*(-124)/(-2). What is the units digit of t + 2/(-3)*-3?
3
Let w = -322 + 454. What is the units digit of (-14)/6*w/(-154)?
2
Let b = 6220 - -588. What is the thousands digit of b?
6
Let l be (-6)/(-15)*(-1 + 6). Let y(d) = -7*d - 49. Let f be y(-7). Suppose -5*s = l*w - 298, f*s - 239 = -4*s - w. What is the units digit of s?
0
Suppose 3*v - 28 = v + 5*a, -3*v + 5*a = -32. Suppose 781 = q + 4*q - 2*w, 298 = 2*q + v*w. What is the tens digit of q?
5
Suppose 1031474 = 198*c - 268277 - 756479. What is the units digit of c?
5
Let c(h) = 109*h - 1213. What is the units digit of c(103)?
4
Let t(p) be the first derivative of p**3/3 - 2*p**2 - 12*p - 16. Let h be t(7). Suppose -h = -3*b - 0, 0 = -u - 5*b + 128. What is the tens digit of u?
1
Suppose 3*m + 3*j - 19 = 5*j, 0 = 3*m - 5*j - 34. Suppose 5*g + 4 = m*g. What is the tens digit of (-2 - (-63)/(-6))*4/g?
2
Suppose 3*l + 2*w - 3 + 107 = 0, -3*l - 4*w - 112 = 0. What is the units digit of 2/16*-62*l?
8
Suppose -719 = -4*o - 3*b, 5*b + 72 = o - 102. Let w = 293 - o. What is the hundreds digit of w?
1
Let j(f) = 304*f - 26. Let x be j(4). Let s = x - 466. Suppose 4*k - i - 2*i = s, 5*i = 2*k - 348. What is the units digit of k?
4
Let x be (1 + -2)/((-3)/93). Let j = -27 + x. Suppose 0 = j*n - 3*n - 81. What is the units digit of n?
1
Suppose 0 = 9*a - 21761 - 5454 - 6850. What is the units digit of a?
5
Let q = 84 + -65. Suppose -6*l + 19 = q. Suppose 3*g + 5*u - 396 = l, -4*u + 344 - 80 = 2*g. What is the units digit of g?
2
Suppose -5*m - 120 = -9*m. What is the units digit of 7 + (-5)/(m/(-3066))?
8
Let l(d) = -3*d + 0 + 18*d + 1 + 29*d**2 - 4*d - 4*d. What is the units digit of l(-1)?
3
Suppose -3541200 = -43*r - 16*r - 19*r. What is the thousands digit of r?
5
Let l = -177 + 183. Suppose -l*x + 189 = -495. What is the tens digit of x?
1
Let q be ((-7)/2)/(161/(-92)). Suppose w - 3*j = 421, -5*w + q*j = -w - 1734. What is the hundreds digit of w?
4
Suppose 2*h - 10036 = -f, 25085 = 5*h - 2*f + 7*f. What is the tens digit of h?
1
Let j = 23629 - 8467. What is the tens digit of j?
6
Suppose 9*k - 5*b - 2649 = 6*k, 0 = -k - 3*b + 897. Suppose 5*w - 5*x = 583 + 907, -k = -3*w + x. What is the hundreds digit of w?
2
Suppose -3*w - 4*i + 1330 = 0, 2*w - 18*i = -20*i + 884. Let k = -385 + w. What is the tens digit of k?
5
Let k(v) = 9*v**3 + 10*v**2 - 93*v - 22. What is the tens digit of k(7)?
0
Let p(k) = 61*k + 3. Let m be p(1). Let d = m + 50. What is the tens digit of d?
1
Suppose -6*o = 54 - 72. Suppose 7*t + 96 = 3*w + 10*t, 3*w - 84 = o*t. What is the tens digit of w?
3
Let h = 1560 - 47. Suppose 0*x + 2010 = 4*l - x, h = 3*l + 2*x. What is the units digit of l?
3
Let q(w) = 2*w**3 + 16*w**2 - 22*w - 20. Let l be q(-9). Suppose 3*k - 2512 = 2*t, -13*k + l*k - 2513 = t. What is the tens digit of k?
3
Let r(y) = -479*y - 161. What is the thousands digit of r(-12)?
5
Let x(l) = l**2 + 5*l - 7. Let j be x(-6). Let m(z) = 150258*z + 107*z**2 - 150258*z. What is the hundreds digit of m(j)?
1
Let w be (-27)/18*((-1372)/12 - 1). Suppose 169*g - w*g = -6488. What is the hundreds digit of g?
6
Suppose 208*m + 2154816 = 11315968. What is the ten thousands digit of m?
4
Let g(z) = 3*z**2 + 50*z + 256. What is the hundreds digit of g(40)?
0
What is the hundreds digit of -4 - (-7498 - 91/7)?
5
Let g be ((-6)/10)/((-16 - -8)/40). Suppose -431 + 2573 = g*f. What is the tens digit of f?
1
Suppose 2*h - 56478 = -2*n, 5*h - 77721 = -4*n + 35242. What is the tens digit of n?
3
Let a(x) = 21*x**2 + 29*x + 379. What is the tens digit of a(-15)?
6
Let s = 127 + -92. Let v = 644 + s. What is the tens digit of v?
7
Suppose 31*z - 26*z = 25. Suppose z*l - 5*x + 513 = 1853, 4*l + x = 1092. What is the units digit of l?
2
Suppose -2*i + 16363 = j - 19375, 2*i = j + 35726. What is the ten thousands digit of i?
1
Let n(g) = 13*g**2 + 2*g - 13. Let z = 65 + -62. What is the units digit of n(z)?
0
Let n(q) = 156*q**2. Suppose 107*x = 124*x + 51. What is the hundreds digit of n(x)?
4
Let z = -1131 - -5118. What is the units digit of z?
7
Let y(b) = -2*b**3 + 16*b**2 + 12*b - 19. Let t be y(8). Suppose r + 45 = -14. Let f = t + r. What is the tens digit of f?
1
Let r = 49576 - 27022. What is the tens digit of r?
5
Let s = 30 - 37. Let c = 14 + s. Suppose -35 + 259 = c*m. What is the tens digit of m?
3
What is the thousands digit of (-9 + 311 + -10)*(9 - -55)?
8
Let c = -1336 + -455. Let a = c + 3233. What is the hundreds digit of a?
4
Suppose -5*b = q - 13685, 4*q + 9*b = 11*b + 54674. What is the units digit of q?
0
Suppose -4*y + 25128 = -2*w, 46*y - 3*w - 18855 = 43*y. What is the hundreds digit of y?
2
Let y = -339 + 12541. What is the hundreds digit of y?
2
Let y(u) = -u**3 + 2*u**2 + 51*u + 2884. What is the tens digit of y(0)?
8
Suppose -32*g + 37*g = 1920. Let y = 212 + g. What is the units digit of y?
6
What is the ten thousands digit of ((-6223)/(-4))/((-54)/(-2160))?
6
Let x(t) = 17*t**2 + 2*t - 4. Let i = 51 - 49. Let h be x(i). Let u = h - 55. What is the tens digit of u?
1
What is the thousands digit of ((-174993)/14)/(-3) + (-15)/10?
4
Suppose f + 4*r = 32569, -24315 - 8251 = -f - 5*r. What is the thousands digit of f?
2
What is the units digit of -1*(16 - (17 + 28132))?
3
Suppose 26*z - 107*z + 582147 = 0. What is the units digit of z?
7
Let d = 148 - 250. Let f = d - -121. What is the tens digit of f?
1
Suppose -7*q = 9*q - 2576. Let i = -56 + q. What is the tens digit of i?
0
Suppose 2*k - 31 = -5*d + 4, 4*k = -2*d + 30. Suppose 2*y = 2*w - 19 + 53, 0 = d*y + w - 103. What is the tens digit of y?
2
Let m = 77 + 38. Suppose -6*o + 91 = 31. Suppose o*l - m = 45. What is the units digit of l?
6
Suppose -5*b - 40 = 0, 203*t = 200*t - 3*b + 105447. What is the units digit of t?
7
Suppose 5*z + 4*h = 3*h + 14334, 2*z = 5*h + 5712. What is the units digit of z?
6
Suppose -3*v + 9 = 0, -r + 5180 = 3*v - 1650. What is the units digit of r?
1
Let o(n) = 15 + 19*n + 84*n - 61. What is the tens digit of o(8)?
7
Let j = 103341 - 27861. What is the thousands digit of j?
5
Suppose 1082 = 3*j - 484. Suppose 0 = -3*t + j + 459. What is the hundreds digit of t?
3
Let w(n) = -2*n**2 - 13*n - 131. Let j be w(-13). What is the thousands digit of (2646/30)/(-5 - 1518/j)?
1
Let q(x) = -x + 21. Let w be q(9). Let v(j) = 16*j + 46. What is the units digit of v(w)?
8
Suppose -7*z = -5069 - 20. Suppose 4*m + k - 672 = z, -2*k - 2 = 0. What is the tens digit of m?
5
What is the hundreds digit of (11142/(-54))/(-2*6/1548)?
6
L